11) to base 7.
-3
-30 (base 6) to base 2
-10010
Convert 9 (base 16) to base 15.
9
What is 24 (base 7) in base 6?
30
-3 (base 4) to base 16
-3
What is -c (base 15) in base 10?
-12
What is 1 (base 10) in base 11?
1
What is -7 (base 15) in base 9?
-7
Convert 14 (base 8) to base 13.
c
What is -5 (base 6) in base 16?
-5
What is -2 (base 8) in base 11?
-2
What is -3 (base 10) in base 11?
-3
Convert -12 (base 4) to base 16.
-6
-110 (base 3) to base 10
-12
Convert 7 (base 15) to base 10.
7
What is 76 (base 14) in base 12?
88
What is 2 (base 3) in base 8?
2
Convert 1 (base 6) to base 16.
1
2e (base 16) to base 8
56
-22 (base 12) to base 2
-11010
-5 (base 7) to base 13
-5
What is 5b (base 14) in base 2?
1010001
-128 (base 11) to base 15
-a1
22 (base 9) to base 5
40
10101 (base 2) to base 6
33
Convert -102 (base 6) to base 10.
-38
What is -65 (base 9) in base 16?
-3b
-423 (base 9) to base 7
-1002
What is -15 (base 8) in base 13?
-10
-2 (base 16) to base 6
-2
What is -1 (base 6) in base 15?
-1
Convert 7 (base 10) to base 4.
13
Convert -2 (base 5) to base 4.
-2
-1 (base 16) to base 8
-1
-11122 (base 3) to base 11
-104
Convert -1023 (base 4) to base 5.
-300
-6e (base 15) to base 5
-404
What is -39 (base 16) in base 3?
-2010
Convert -2b (base 15) to base 13.
-32
Convert -66 (base 8) to base 3.
-2000
What is 7d (base 16) in base 15?
85
13 (base 16) to base 7
25
-110 (base 8) to base 13
-57
What is -2 (base 14) in base 9?
-2
40 (base 16) to base 15
44
What is 7 (base 13) in base 16?
7
What is 231 (base 7) in base 6?
320
Convert 5 (base 11) to base 12.
5
66 (base 8) to base 14
3c
What is -8 (base 12) in base 2?
-1000
Convert -12 (base 5) to base 3.
-21
What is 7 (base 8) in base 15?
7
What is -30 (base 7) in base 11?
-1a
Convert 6 (base 13) to base 6.
10
13 (base 13) to base 16
10
-1010 (base 2) to base 14
-a
What is 7 (base 8) in base 9?
7
What is -2110 (base 3) in base 14?
-4a
Convert 7 (base 11) to base 15.
7
What is -55 (base 6) in base 11?
-32
What is 3 (base 5) in base 8?
3
Convert 4 (base 14) to base 13.
4
-111 (base 2) to base 5
-12
Convert 2 (base 13) to base 3.
2
12 (base 3) to base 4
11
Convert 1021 (base 3) to base 13.
28
What is -3 (base 15) in base 3?
-10
What is 95 (base 14) in base 7?
245
What is -1 (base 9) in base 10?
-1
Convert -3 (base 15) to base 8.
-3
Convert -57 (base 10) to base 5.
-212
Convert -44 (base 5) to base 2.
-11000
Convert -39 (base 11) to base 16.
-2a
What is -40 (base 8) in base 11?
-2a
Convert a8 (base 11) to base 10.
118
40 (base 9) to base 11
33
-135 (base 9) to base 3
-11012
What is 35 (base 6) in base 2?
10111
What is -1 (base 16) in base 11?
-1
What is -25 (base 7) in base 4?
-103
Convert -3 (base 6) to base 16.
-3
5 (base 15) to base 16
5
10001010 (base 2) to base 11
116
-30 (base 9) to base 10
-27
Convert 1100 (base 2) to base 4.
30
Convert -114 (base 9) to base 4.
-1132
Convert -11 (base 3) to base 8.
-4
Convert -13 (base 6) to base 2.
-1001
What is -153 (base 6) in base 3?
-2120
What is 1 (base 7) in base 4?
1
Convert -3 (base 8) to base 7.
-3
11011 (base 2) to base 15
1c
Convert 1a (base 15) to base 4.
121
What is -2a (base 11) in base 3?
-1012
What is -1 (base 13) in base 8?
-1
76 (base 15) to base 4
1233
Convert 10 (base 4) to base 14.
4
Convert -8 (base 14) to base 9.
-8
3c (base 15) to base 16
39
Convert 1 (base 8) to base 7.
1
What is -42 (base 10) in base 11?
-39
Convert 2 (base 7) to base 15.
2
What is -7 (base 10) in base 12?
-7
What is 6 (base 10) in base 7?
6
0 (base 15) to base 4
0
Convert 6 (base 12) to base 4.
12
252 (base 6) to base 5
404
Convert -21 (base 16) to base 11.
-30
2 (base 14) to base 9
2
12 (base 4) to base 6
10
Convert 20020 (base 3) to base 16.
a8
What is -10111 (base 2) in base 8?
-27
Convert -1 (base 7) to base 9.
-1
Convert 10 (base 8) to base 12.
8
42 (base 16) to base 11
60
What is -9d (base 14) in base 16?
-8b
-125 (base 16) to base 10
-293
What is 22 (base 13) in base 9?
31
-132 (base 7) to base 15
-4c
4 (base 6) to base 10
4
What is 0 (base 7) in base 8?
0
What is 30 (base 12) in base 14?
28
Convert -15 (base 12) to base 7.
-23
What is -57 (base 10) in base 16?
-39
-5 (base 16) to base 13
-5
What is -4 (base 10) in base 6?
-4
What is -444 (base 5) in base 16?
-7c
What is -13e (base 15) in base 8?
-434
-1201 (base 3) to base 5
-141
What is -10 (base 2) in base 11?
-2
3 (base 8) to base 14
3
20 (base 7) to base 13
11
-7 (base 13) to base 4
-13
Convert 56 (base 9) to base 10.
51
What is -5 (base 13) in base 8?
-5
-24 (base 7) to base 10
-18
What is -36 (base 7) in base 4?
-123
2 (base 5) to base 13
2
What is 6 (base 8) in base 6?
10
What is 111 (base 7) in base 3?
2010
Convert -10 (base 6) to base 3.
-20
Convert 0 (base 14) to base 6.
0
0 (base 9) to base 8
0
-17 (base 9) to base 13
-13
What is 5c (base 15) in base 13?
69
What is 1 (base 15) in base 3?
1
Convert 1 (base 15) to base 2.
1
1 (base 6) to base 8
1
Convert -322 (base 4) to base 9.
-64
Convert 130 (base 7) to base 6.
154
Convert 4 (base 6) to base 2.
100
Convert 113 (base 4) to base 8.
27
20 (base 3) to base 5
11
What is -af (base 16) in base 12?
-127
What is 12 (base 12) in base 3?
112
Convert -4 (base 10) to base 6.
-4
Convert 36 (base 13) to base 9.
50
1a (base 16) to base 4
122
What is 12 (base 6) in base 15?
8
-30 (base 10) to base 8
-36
Convert -35 (base 6) to base 14.
-19
What is 3 (base 11) in base 16?
3
Convert 6 (base 12) to base 11.
6
Convert 3 (base 9) to base 13.
3
7 (base 8) to base 5
12
0 (base 12) to base 5
0
Convert -30 (base 5) to base 11.
-14
What is 21 (base 13) in base 15?
1c
0 (base 4) to base 13
0
What is 24 (base 6) in base 16?
10
Convert -153 (base 8) to base 10.
-107
-20 (base 5) to base 4
-22
Convert 28 (base 13) to base 10.
34
5 (base 16) to base 11
5
What is -30 (base 5) in base 3?
-120
Convert a (base 13) to base 8.
12
80 (base 9) to base 12
60
Convert -18 (base 11) to base 13.
-16
What is -20 (base 10) in base 4?
-110
-142 (base 5) to base 12
-3b
What is 12001 (base 3) in base 11?
114
What is -c8 (base 15) in base 3?
-20222
Convert -3 (base 7) to base 9.
-3
Convert 18 (base 11) to base 10.
19
Convert -1 (base 2) to base 3.
-1
Convert -12 (base 6) to base 9.
-8
Convert 1 (base 15) to base 10.
1
-111 (base 3) to base 4
-31
Convert -4 (base 8) to base 2.
-100
Convert 4 (base 8) to base 9.
4
Convert 5 (base 10) to base 4.
11
Convert -3 (base 10) to base 5.
-3
What is 3 (base 13) in base 2?
11
1120 (base 4) to base 3
10021
Convert 2 (base 9) to base 6.
2
Convert 10 (base 4) to base 9.
4
-39 (base 10) to base 13
-30
What is -29 (base 10) in base 14?
-21
Convert -234 (base 10) to base 13.
-150
What is 10 (base 2) in base 14?
2
-1210 (base 3) to base 5
-143
What is 112 (base 4) in base 12?
1a
Convert d (base 16) to base 9.
14
What is -3 (base 16) in base 14?
-3
Convert -2212 (base 3) to base 2.
-1001101
-110011 (base 2) to base 4
-303
What is 153 (base 7) in base 9?
106
Convert 10111110 (base 2) to base 8.
276
Convert -2 (base 15) to base 16.
-2
-32 (base 5) to base 12
-15
What is 3 (base 12) in base 5?
3
What is -34 (base 11) in base 2?
-100101
11000100 (base 2) to base 12
144
What is -1011 (base 2) in base 6?
-15
What is 3 (base 6) in base 14?
3
-27 (base 14) to base 5
-120
Convert 420 (base 6) to base 10.
156
Convert 8 (base 16) to base 15.
8
59 (base 11) to base 9
71
Convert 3 (base 14) to base 6.
3
Convert -23 (base 8) to base 3.
-201
10 (base 2) to base 15
2
Convert -6 (base 10) to base 14.
-6
Convert 147 (base 10) to base 2.
10010011
-12 (base 15) to base 10
-17
-30 (base 7) to base 11
-1a
What is 0 (base 2) in base 3?
0
2 (base 15) to base 4
2
What is -72 (base 12) in base 3?
-10012
What is 456 (base 8) in base 11?
255
Convert 2 (base 3) to base 6.
2
Convert 3 (base 15) to base 10.
3
What is 7b (base 15) in base 10?
116
What is -102 (base 3) in base 2?
-1011
-d (base 15) to base 6
-21
Convert -1 (base 13) to base 15.
-1
Convert -31 (base 4) to base 14.
-d
What is -2 (base 5) in base 15?
-2
Convert 12 (base 4) to base 15.
6
111 (base 4) to base 16
15
Convert 13 (base 14) to base 11.
16
3 (base 15) to base 12
3
-6 (base 13) to base 14
-6
Convert 23 (base 11) to base 3.
221
21 (base 7) to base 9
16
12 (base 8) to base 7
13
What is 66 (base 8) in base 13?
42
What is 1a9 (base 14) in base 4?
